{"id":59,"date":"2016-10-27T11:59:34","date_gmt":"2016-10-27T11:59:34","guid":{"rendered":"http:\/\/www.serjoscha.net\/?page_id=59"},"modified":"2018-08-15T13:42:45","modified_gmt":"2018-08-15T13:42:45","slug":"ueber-mich","status":"publish","type":"page","link":"https:\/\/www.serjoscha.net\/","title":{"rendered":"Biografisches"},"content":{"rendered":"<span class=\"Z3988\" title=\"ctx_ver=Z39.88-2004&amp;rft_val_fmt=info%3Aofi%2Ffmt%3Akev%3Amtx%3Adc&amp;rfr_id=info%3Asid%2Focoins.info%3Agenerator&amp;rft.type=&amp;rft.format=text&amp;rft.title=Biografisches&amp;rft.source=Serjoscha Wiemer&amp;rft.date=2016-10-27&amp;rft.identifier=http:\/\/www.serjoscha.net\/&amp;rft.language=English&amp;rft.au=Serjoscha Wiemer\"><\/span><p class=\"western\" lang=\"en-US\"><span lang=\"de-DE\">Serjoscha Wiemer <\/span><span lang=\"de-DE\">(Dr. phil.) <\/span><span lang=\"de-DE\">ist <\/span><span lang=\"de-DE\">Medienwissenschaftler und <\/span><span lang=\"de-DE\">Akademischer Oberrat <\/span><span lang=\"de-DE\">f\u00fcr Digitale Medien &amp; Mobile Media <\/span><span lang=\"de-DE\">am Institut f\u00fcr Medienwissenschaften der Universit\u00e4t Paderborn. Er schrieb \u00bbDas ge\u00f6ffnete Intervall \u2013 Medientheorie und \u00c4sthetik des Videospiels\u00ab (2014). Gemeinsam mit Stefan B\u00f6hme &amp; Rolf F. Nohr ist er Herausgeber von \u00bbDiskurse des strategischen Spiels. Medialit\u00e4t, Gouvernementalit\u00e4t, Topografie (2015) und von \u00bbSortieren, Sammeln, Suchen, Spielen. Die Datenbank als mediale Praxis\u00ab (2012).<br \/>\n<\/span><\/p>\n<p class=\"western\" lang=\"en-US\"><span lang=\"de-DE\">In seiner Arbeit verbindet er Ans\u00e4tze von Medientheorie, \u00c4sthetik und Epistemologie, um historische und gegenw\u00e4rtige Bedingungen von Wahrnehmung, (Bild-)Handeln und Sinnproduktion zu erforschen. <\/span><\/p>\n<p class=\"western\" lang=\"en-US\"><!--more--><\/p>\n<hr \/>\n<p class=\"western\"><strong>Wissenschaftlicher Werdegang<\/strong><\/p>\n<ul>\n<li>seit 4\/2018 Akademischer Oberrat a.Z. f\u00fcr Digitale Medien\/Mobile Media am Institut f\u00fcr Medienwissenschaften an der Universit\u00e4t Paderborn.<\/li>\n<li class=\"western\">2011-2018 Akademischer Rat a.Z. f\u00fcr Digitale Medien\/Mobile Media am Institut f\u00fcr Medienwissenschaften an der Universit\u00e4t Paderborn.<\/li>\n<li class=\"western\">2006-2011 wissenschaftlicher Mitarbeiter an der HBK Braunschweig im DFG-Forschungsprojekt \u00bbStrategie spielen. Steuerungstechniken und strategisches Handeln in popul\u00e4ren Computerspielen (am Beispiel von Wirtschafts-, Milit\u00e4r- und Aufbausimulationen)\u00ab.<\/li>\n<li class=\"western\">Im Anschluss Doktorand und Stipendiat im DFG-Graduiertenkolleg \u00bbZeiterfahrung und \u00e4sthetische Wahrnehmung\u00ab an der Johann Wolfgang Goethe-Universit\u00e4t Frankfurt\/M.<\/li>\n<li>Studium Theater- Film- und Fernsehwissenschaft, Sozialpsychologie und Germanistische Linguistik an der Ruhr-Universit\u00e4t Bochum. Abschluss Magister.<\/li>\n<\/ul>\n","protected":false},"excerpt":{"rendered":"<p>Serjoscha Wiemer (Dr. phil.) ist Medienwissenschaftler und Akademischer Oberrat f\u00fcr Digitale Medien &amp; Mobile Media am Institut f\u00fcr Medienwissenschaften der Universit\u00e4t Paderborn. Er schrieb \u00bbDas ge\u00f6ffnete Intervall \u2013 Medientheorie und \u00c4sthetik des Videospiels\u00ab (2014). Gemeinsam mit Stefan B\u00f6hme &amp; Rolf F. Nohr ist er Herausgeber von \u00bbDiskurse des strategischen Spiels. Medialit\u00e4t, Gouvernementalit\u00e4t, Topografie (2015) und [&hellip;]<\/p>\n","protected":false},"author":1,"featured_media":177,"parent":0,"menu_order":0,"comment_status":"closed","ping_status":"closed","template":"","meta":{"footnotes":""},"_links":{"self":[{"href":"https:\/\/www.serjoscha.net\/index.php?rest_route=\/wp\/v2\/pages\/59"}],"collection":[{"href":"https:\/\/www.serjoscha.net\/index.php?rest_route=\/wp\/v2\/pages"}],"about":[{"href":"https:\/\/www.serjoscha.net\/index.php?rest_route=\/wp\/v2\/types\/page"}],"author":[{"embeddable":true,"href":"https:\/\/www.serjoscha.net\/index.php?rest_route=\/wp\/v2\/users\/1"}],"replies":[{"embeddable":true,"href":"https:\/\/www.serjoscha.net\/index.php?rest_route=%2Fwp%2Fv2%2Fcomments&post=59"}],"version-history":[{"count":17,"href":"https:\/\/www.serjoscha.net\/index.php?rest_route=\/wp\/v2\/pages\/59\/revisions"}],"predecessor-version":[{"id":325,"href":"https:\/\/www.serjoscha.net\/index.php?rest_route=\/wp\/v2\/pages\/59\/revisions\/325"}],"wp:featuredmedia":[{"embeddable":true,"href":"https:\/\/www.serjoscha.net\/index.php?rest_route=\/wp\/v2\/media\/177"}],"wp:attachment":[{"href":"https:\/\/www.serjoscha.net\/index.php?rest_route=%2Fwp%2Fv2%2Fmedia&parent=59"}],"curies":[{"name":"wp","href":"https:\/\/api.w.org\/{rel}","templated":true}]}}